c(-6). Suppose 31*r = 43*r + z. Calculate y(r).
4
Let n be 1 + -5 - (-33 + 29). Let z(a) = -a**2 + 25. Calculate z(n).
25
Suppose 0 = b + 1 - 6. Let r(f) = f**3 - 4*f**2 - 4*f - 3. Let l be r(b). Let o(h) = 8*h + 3*h**l + 3*h**2 + 2 + 4 - 5*h**2. Calculate o(-8).
6
Suppose 28*g + 5*g + 2*g = 245. Let x(l) = l**3 - 7*l**2 + 8*l + 9. Give x(g).
65
Let y(q) = -2*q**3 + 447 - 902 + 0*q**3 + 442 - 4*q - 8*q**2. Determine y(-4).
3
Let d(w) = w**2 - 7*w - 2. Let o(v) = v**3 - 11*v**2 - 5*v + 9. Let j be o(5). Let g = 172 + j. Calculate d(g).
-8
Suppose -54*c + 28 = -47*c. Let h = -41 - -43. Let t(z) = 30*z**3 + 6 - 6*z + 3*z**2 + h*z**2 - 31*z**3. What is t(c)?
-2
Let u(q) = 539 + q**2 + 538 - 1085. Calculate u(0).
-8
Let g(p) be the first derivative of -2*p**3 + 0*p - 1/4*p**4 - 14 + p**2. Suppose -7*f - 24 = -3*f. Calculate g(f).
-12
Suppose -2*d - 2*g = 6, 5*g - 4 + 10 = -2*d. Let j(n) = -12*n - 7. Let v(q) = 6*q - 1 + 6 - 1 + q. Let u(p) = -6*j(p) - 11*v(p). What is u(d)?
13
Suppose m - 5 = -3. Let j(y) = -2 + 2 - 894*y**3 - 11*y**m - 2 - y + 893*y**3. Determine j(-11).
9
Let v(s) = -s**3 - 5*s**2 + 7. Let z be (-334)/22 - 2/(-11). Let j(f) = -f**2 - 17*f - 25. Let n be j(z). Suppose -n*b - 28 + 3 = 0. Give v(b).
7
Let s(m) = -14*m + 21. Let x = -9820 + 9824. What is s(x)?
-35
Let l(g) be the second derivative of 2*g**3/3 + 4*g**2 + 721*g. Calculate l(-13).
-44
Let p(l) be the first derivative of -l**3/3 - 13*l**2/2 - 26*l + 4956. Determine p(-10).
4
Let m(s) = -4*s**2 - 13*s + 26. Let z be m(-6). Let r be z/220 - (2 - (-79)/(-11)). Let l(u) = -u + 5. Calculate l(r).
0
Let g(p) = 17*p**2 - 31*p - 32. Let m(t) = -9*t**2 + 16*t + 17. Suppose -176*n + 166*n + 60 = 0. Let z(v) = n*g(v) + 11*m(v). What is z(4)?
3
Let n(q) = q**2 - 3*q - 6. Suppose -r + 1 = 0, 5*d - 5*r - 27 = -7. Suppose 3*v + d*b - 10 = 0, b = 3*b + 2. What is n(v)?
4
Suppose 40*q + 1193 = -156*q + 409. Let x(y) = -8*y + 10. Determine x(q).
42
Let d(c) be the third derivative of 11/6*c**3 + 1/120*c**5 + 0 + 0*c**4 + 0*c + 8*c**2. Let r(a) be the first derivative of d(a). Calculate r(4).
4
Let f(x) = -x**2 - 4. Let w(d) = 2*d**2 - d + 9. Let o(b) = 13*f(b) + 6*w(b). Suppose -3*t = -2*g - 11 - 25, 3*t = 5*g + 36. Suppose -q + 5 = t. Calculate o(q).
-5
Let p(b) be the second derivative of 0 - 1/4*b**4 + 0*b**2 - 1/720*b**6 + 0*b**5 + 0*b**3 - 3*b. Let g(v) be the third derivative of p(v). Determine g(-5).
5
Let f(q) = -19*q - 11. Let n(r) = -9*r - 3. Let o(i) = -4*f(i) + 9*n(i). Calculate o(0).
17
Let i(b) be the third derivative of -26*b**2 + 0 - 1/24*b**4 - 3*b + 1/6*b**3 + 1/60*b**5. Calculate i(2).
3
Let s be ((-20)/(-6) - 4)*((-6)/(-4) + -3). Let f(x) = -3*x + 1. Calculate f(s).
-2
Let t be ((-24)/32)/((-2)/8). Let z(o) = 1296316*o - 3*o**2 - 1296315*o - 2 + 6. Determine z(t).
-20
Let k(s) = s**3 + 10*s**2 - 3*s - 25. Let w(l) = -l + 58 - 27 - 43. Let n be w(-2). Give k(n).
5
Let x(y) = -4*y + 51. Let w be x(12). Suppose -4*d - 4 = 2*z, d = 7*z - w*z + 8. Let a(c) = -c**3 - c**2 + c + 12. What is a(d)?
12
Suppose 3*b + 3*n = -9, -42 = -12*b + 17*b - 4*n. Let v(m) = m**2 + 3*m - 1. Calculate v(b).
17
Let r(c) = 13*c**2 + 6*c + 5. Let g(l) = l + 3*l + 2 - 4*l + l + 3*l**2 - 1. Let o(p) = 9*g(p) - 2*r(p). Give o(-1).
3
Let m be 7 + 24/(-32)*16. Let w(t) = -t**3 - 5*t**2 + 6*t + 11. What is w(m)?
-19
Let x be (-6 + (6 - 2))*(8 + -9). Let f(n) be the third derivative of 0*n**4 + 0*n + 0 + 1/60*n**5 - 1/3*n**3 + 13*n**x. Calculate f(-2).
2
Let o(a) = -123*a**2 - 5*a + 34. Let l(f) = -61*f**2 - 2*f + 15. Let d(g) = -9*l(g) + 4*o(g). Determine d(1).
56
Suppose b = -b - 12. Let q = 321 + -325. Let a(d) = -d**2 - 13*d - 3. Let y(k) = -k**2 - 12*k - 4. Let u(m) = q*y(m) + 3*a(m). Determine u(b).
-11
Let g(d) = 7*d**2 - 3*d - 5. Let b(h) = h**2 - h - 1. Suppose -5*o + 1 + 4 = 0. Let a(c) = o*g(c) - 6*b(c). Suppose -50*f = -26673 + 26873. Give a(f).
5
Let c(q) = -q**3 + 5*q**2 + 7. Let w be -3 - 0 - (3 + 5)/(-2). Let f be w/(-2)*0 - -2. Suppose f*i + s + 2 - 7 = 0, -3*s - 10 = i. Calculate c(i).
7
Let u(z) = 820*z + 736*z - 1551*z + 5. Give u(7).
40
Let g(x) be the second derivative of x**3/6 - 2*x**2 + 11*x. Let k be -9*(-12)/54*(-3)/2. Give g(k).
-7
Suppose w = 5*g, 4*g + 4*w + 26 = 26. Let f(h) = 11*h - 3. Determine f(g).
-3
Let r(d) = d**3 + 26*d**2 - 28*d - 31. Suppose -31822 + 30661 = 43*q. Give r(q).
-4
Let d(s) = 10*s - 42. Suppose 78*y - 83*y + 20 = 2*a, -5*y + 20 = -2*a. Calculate d(y).
-2
Suppose 0 = -5*j - 7*j - 643 + 667. Let v(u) be the first derivative of 1/2*u**j - 2*u + 37 + 1/3*u**3. Give v(-4).
10
Suppose -4*k + 16 = -0*k - 4*p, 27 = -2*k - 3*p. Let c(t) = 3*t**2 + 9*t + 17. Give c(k).
17
Let w(s) = -s**2 + 4*s - 1. Let k(m) = -43*m**2 - 2*m - 2. Let r = -12 + 11. Let c be k(r). Let u = c - -48. Give w(u).
-6
Let a(x) be the third derivative of x**6/120 - x**5/60 + x**4/24 - x**3/6 + x**2 + 237. Calculate a(-2).
-15
Let t(w) = -w**3 + 4*w**2 + w + 186. Let q(p) = -3*p**3 + 12*p**2 + 3*p + 495. Let v(s) = -3*q(s) + 8*t(s). Suppose 0 = 3*h - 9 - 0. Give v(h).
-9
Suppose -5*h + 3*h + 5*q = -57, -3*q - 79 = -4*h. Suppose -19*g + 20*g - h = -3*r, 3*g = 2*r - 7. Let a(t) = t**2 - 5*t + 4. Determine a(r).
4
Let n(c) = c**3 - 27*c**2 + 25*c + 32. Let z(q) = 181*q - 2508. Let m be z(14). What is n(m)?
6
Let n(h) = -h**2 - 9*h - 4. Let m(l) be the second derivative of l**5/20 - l**4/2 + l**3/6 + 17*l**2/2 + l. Let f be m(6). Let w = f - 32. Calculate n(w).
-4
Let h(s) = s**3 - 4*s**2 - 4. Let a(p) be the first derivative of -1/4*p**4 - 5*p**3 + 8 + 3*p + 17*p**2. Let w be a(-17). Calculate h(w).
-13
Let d be (-17)/(-4) - (-10)/(-40). Let w(x) = 34 + 33 + 4*x - x**2 - 69. Determine w(d).
-2
Suppose -5*p - 78*p + 1098 = 100*p. Let h(y) be the second derivative of y + 0*y**2 - 1/6*y**3 + 0. What is h(p)?
-6
Let k(x) be the first derivative of -x**3/3 + 27*x**2/2 - 73*x - 1955. Give k(24).
-1
Let h(b) = b**3 + 22*b**2 + 55*b - 68. Let d be h(-19). Let z(l) = 2*l**2 + 62*l + 34. Determine z(d).
-26
Let q(c) = 249*c + 39 - 736*c + 248*c + 247*c. Determine q(-6).
-9
Let t(s) = 20*s - 7. Let x(b) = 27*b - 6. Let o be (6 - 5)/(1/(-3)). Let f(n) = o*x(n) + 4*t(n). Give f(-9).
-1
Suppose 391 = 3*j + 565. Let x be 2/(-5) - 302/(-5). Let w = j + x. Let v(m) = -3*m. Determine v(w).
-6
Let k = 10 + -7. Let w(x) = 2*x**2 - 40*x + 39. Let d be w(19). Let a(z) = -4*z - 6 + d + k*z + 2. What is a(-6)?
3
Let h(v) = -v - 3. Let y be h(3). Suppose 2*d - 1 - 5 = 0. Let u(i) = 2 + 2 - d*i + 2 - 1. Calculate u(y).
23
Suppose -1751 - 3943 = 13*h. Let d = 434 + h. Let n(r) = -4*r + 2*r**3 - r**3 + 2*r + 4*r**2 + 5. Calculate n(d).
13
Let b(s) = s + 35. Suppose -152*c = -154*c + 4*g + 10, -6*c = g + 48. Give b(c).
28
Let r(i) = 17 + 6*i + 30 - 69 - 10*i. Calculate r(-9).
14
Let k(a) = -5*a**3 + 6*a**3 + 3 - a - 6*a**2 + 3. Suppose 5*y - 2*t - 1989 = 0, 3*y = -4*t - 51 + 1234. Let v = y - 391. Give k(v).
0
Let k(f) = -f**3 - f**2 - f - 7. Let j = -341 + 923. Let a = j + -582. Calculate k(a).
-7
Suppose 7 = 5*l + 4*o - 17, -5*l + o + 44 = 0. Let n(q) = 2*q - 31. Give n(l).
-15
Let o be (-2)/(-8) + (-9)/(-12). Let s(i) = 30*i - 270. Let n(x) = -29*x + 216. Let k(r) = -5*n(r) - 4*s(r). What is k(o)?
25
Let n(d) = 109*d - 74. Let x(g) = 46*g. Let u(i) = -n(i) + 2*x(i). Determine u(6).
-28
Let u(o) = -4*o + 143055 - 143055. Calculate u(1).
-4
Let q(f) = 68*f + 0*f - 76*f. Let n = 5 + 1. Let g(r) = 7*r. Let i(z) = n*g(z) + 5*q(z). Determine i(2).
4
Let j(h) = -6*h**3 - 9*h**2 - 4*h + 1. Let o(d) = 19*d**3 + 31*d**2 + 15*d - 4. Let q(l) = -7*j(l) - 2*o(l). What is q(1)?
4
Let g(a) = -539*a - 1614. Let i be g(-3). Let r(d) = -d**3 + 4*d**2 - 5*d + 2. What is r(i)?
-4
Let o be 14/(-28) - (11/2 - 0). Let g be o/(-27)*-3 - (-32)/12. Let u(a) be the second derivative of -a**4/12 - a**3/6 - a**2 - a. Calculate u(g).
-8
Let h(a) = 16*a**2 + 5 + a - 26*a**2 + a**3 + 9*a**2. Let c be 1/2*0/(13 - 9). Determine h(c).
5
Let b(c) be the third derivative of -c**6/120 - c**5/20 - 3*c**3/2 - 61*c**2 + 6. Calculate b(-5).
41
Suppose 1023 = -32*w + 799. Let g(j) = -2 + 6*j**2 - 4 + 2*j**2 + 4*j**3 + 6*j - 3*j**3. What is g(w)?
1
Let g(s) = -s**3 + 6*s**2 - 14*s**2 - 2 + 5*s**2. Let k = -178 - -175. Give g(k).
-2
Let i(u) = -2*u + 11*